{"id":5975,"date":"2017-06-30T13:08:37","date_gmt":"2017-06-30T19:08:37","guid":{"rendered":"http:\/\/laesfera.com.mx\/page\/?post_type=product&#038;p=5975"},"modified":"2025-05-21T15:25:01","modified_gmt":"2025-05-21T19:25:01","slug":"pintura-politec-azul-ultramar-315","status":"publish","type":"product","link":"https:\/\/laesfera.com.mx\/page\/tienda\/pintura-politec-azul-ultramar-315\/","title":{"rendered":"Pintura acr\u00edlica Politec L300 30ml varios colores"},"content":{"rendered":"<p><strong>Pintura acr\u00edlica Politec L300 30ml varios colores<\/strong><\/p>\n<p>&nbsp;<\/p>\n<p style=\"text-align: justify\">Acr\u00edlico politec no t\u00f3xico.<\/p>\n<p style=\"text-align: justify\">Colores indelebles para escolares, artesan\u00edas, carteles, manualidades y decoraci\u00f3n.<\/p>\n<p style=\"text-align: justify\">Elaborados con emulsi\u00f3n acr\u00edlica de gran adherencia a las superficies tanto r\u00edgidas como flexibles para poder pintar en papel, cart\u00f3n, madera, cemento, yeso, metales, unicel, tela, cer\u00e1mica.<\/p>\n<p style=\"text-align: justify\">De acabado mate y alto rendimiento por su gran capacidad cubriente.<\/p>\n<p style=\"text-align: justify\">Solubles en agua y resistentes a la misma, una vez secos.<\/p>\n<p style=\"text-align: justify\">No se mezcle con solventes.<\/p>\n<p>&nbsp;<\/p>\n<p>&nbsp;<\/p>\n<p style=\"text-align: justify\"><strong>Marca:<\/strong> Politec<br \/>\n<strong>Contenido:<\/strong> 30 ml<br \/>\n<strong>Color y <\/strong><strong>Cve:\u00a0<\/strong><\/p>\n<p><strong>7501230031725<\/strong> GRIS 317<br \/>\n<strong>7501230031923<\/strong> CARMIN 319<br \/>\n<strong>7501230031626<\/strong> AZUL PASTEL 316<br \/>\n<strong>7501230032821<\/strong> VERDE HOJA 328<br \/>\n<strong>7501230030421<\/strong> SOMBRA CAFE 304<br \/>\n<strong>7501230030728<\/strong> LIMON HANZA 307<br \/>\n<strong>7501230030520<\/strong> ROJO OXIDO 305<br \/>\n<strong>7501230033729<\/strong> ROSA MEXICANO 337<br \/>\n<strong>7501230034221<\/strong> MAGENTA 342<br \/>\n<strong>7501230033323<\/strong> VERDE PALIDO 333<br \/>\n<strong>7501230033620<\/strong> VERDE OLIVO 336<br \/>\n<strong>7501230033026<\/strong> VERDE ORO 330<br \/>\n<strong>7501230032326<\/strong> CARMIN CLARO 323<br \/>\n<strong>7501230032227<\/strong> CARNE MED 322<br \/>\n<strong>7501230031121<\/strong> VIOLETA CLARO 311<br \/>\n<strong>7501230031022<\/strong> AZUL COBALTO 310<br \/>\n<strong>7501230030223<\/strong> NEGRO INTENSO 302<br \/>\n<strong>7501230030124<\/strong> BLANCO TITANIO 301<br \/>\n<strong>7501230030926<\/strong> ROJO TOLUIDINO 309<br \/>\n<strong>7501230030827<\/strong> NARANJA 308<br \/>\n<strong>7501230031329<\/strong> AZUL CELESTE 313<br \/>\n<strong>7501230031220<\/strong> VERDE CLARO 312<br \/>\n<strong>7501230031527<\/strong> AZUL ULTRAMAR 315<br \/>\n<strong>7501230031428<\/strong> ROJO 314<br \/>\n<strong>7501230032128<\/strong> ROSA 321<br \/>\n<strong>7501230031824<\/strong> AMARILLO MEDIO 318<br \/>\n<strong>7501230032029<\/strong> CREMA 320<br \/>\n<strong>7501230032524<\/strong> VERDE NILO 325<br \/>\n<strong>7501230032623<\/strong> ROSA PASTEL 326<br \/>\n<strong>7501230032722<\/strong> AMARILLO CLARO 327<br \/>\n<strong>7501230033422<\/strong> MORADO 334<br \/>\n<strong>7501230033125<\/strong> DURAZNO 331<br \/>\n<strong>7501230033927<\/strong> CANELA 339<\/p>\n","protected":false},"excerpt":{"rendered":"<p>Ideal para trabajos escolares.<\/p>\n","protected":false},"featured_media":16497,"comment_status":"open","ping_status":"closed","template":"","meta":{"_joinchat":[]},"product_brand":[7781],"product_cat":[5333,5460],"product_tag":[5461],"class_list":{"0":"post-5975","1":"product","2":"type-product","3":"status-publish","4":"has-post-thumbnail","6":"product_brand-politec","7":"product_cat-arte-y-manualidades","8":"product_cat-pinturas","9":"product_tag-pintura","11":"first","12":"instock","13":"shipping-taxable","14":"purchasable","15":"product-type-simple"},"post_mailing_queue_ids":[],"_links":{"self":[{"href":"https:\/\/laesfera.com.mx\/page\/wp-json\/wp\/v2\/product\/5975","targetHints":{"allow":["GET"]}}],"collection":[{"href":"https:\/\/laesfera.com.mx\/page\/wp-json\/wp\/v2\/product"}],"about":[{"href":"https:\/\/laesfera.com.mx\/page\/wp-json\/wp\/v2\/types\/product"}],"replies":[{"embeddable":true,"href":"https:\/\/laesfera.com.mx\/page\/wp-json\/wp\/v2\/comments?post=5975"}],"wp:featuredmedia":[{"embeddable":true,"href":"https:\/\/laesfera.com.mx\/page\/wp-json\/wp\/v2\/media\/16497"}],"wp:attachment":[{"href":"https:\/\/laesfera.com.mx\/page\/wp-json\/wp\/v2\/media?parent=5975"}],"wp:term":[{"taxonomy":"product_brand","embeddable":true,"href":"https:\/\/laesfera.com.mx\/page\/wp-json\/wp\/v2\/product_brand?post=5975"},{"taxonomy":"product_cat","embeddable":true,"href":"https:\/\/laesfera.com.mx\/page\/wp-json\/wp\/v2\/product_cat?post=5975"},{"taxonomy":"product_tag","embeddable":true,"href":"https:\/\/laesfera.com.mx\/page\/wp-json\/wp\/v2\/product_tag?post=5975"}],"curies":[{"name":"wp","href":"https:\/\/api.w.org\/{rel}","templated":true}]}}