{"id":21027,"date":"2025-11-06T20:57:15","date_gmt":"2025-11-07T00:57:15","guid":{"rendered":"https:\/\/laesfera.com.mx\/page\/?post_type=product&#038;p=21027"},"modified":"2025-11-07T21:32:16","modified_gmt":"2025-11-08T01:32:16","slug":"bafle-kds-1202a","status":"publish","type":"product","link":"https:\/\/laesfera.com.mx\/page\/tienda\/bafle-kds-1202a\/","title":{"rendered":"Bafle 2&#215;12&#8243; Kaiser KDS-1202A"},"content":{"rendered":"<h4>Bafle 2&#215;12&#8243; Kaiser KDS-1202A<\/h4>\n<div class=\"Y3BBE\" data-sfc-cp=\"\" data-hveid=\"CAEQAA\" data-processed=\"true\">\n<div data-subtree=\"aimfl,mfl\">El bafle Kaiser KDS-1202A es un sistema de audio doble de dos bocinas de 12 pulgadas con potencia de 120W RMS y 20,200W<\/div>\n<p>PMPO, conectividad Bluetooth, puertos USB y Micro SD, y funciones de karaoke. Adem\u00e1s, incorpora luces LED con 14 efectos de iluminaci\u00f3n, una consola de DJ integrada y viene con control remoto y m\u00faltiples entradas (6.3mm y RCA).<span class=\"uJ19be notranslate\" data-wiz-uids=\"wB4eDf_c,wB4eDf_d\"><span class=\"vKEkVd\" data-animation-atomic=\"\">\u00a0<\/span><\/span><\/p>\n<\/div>\n<p><span class=\"T286Pc\" data-sfc-cp=\"\" data-processed=\"true\"><strong class=\"Yjhzub\" data-processed=\"true\">Accesorios incluidos:<!--Sv6Kpe[]--><\/strong> Control remoto, cable de alimentaci\u00f3n, cable de transmisi\u00f3n de audio entre los bafles, cable de interconexi\u00f3n para luces LED y cable RCA<br \/>\n<!--Sv6Kpe[]--><\/span><!--Sv6Kpe[]--><span class=\"T286Pc\" data-sfc-cp=\"\" data-processed=\"true\"><strong class=\"Yjhzub\" data-processed=\"true\">Dise\u00f1o:<!--Sv6Kpe[]--><\/strong> Asas laterales para f\u00e1cil transporte<\/span><\/p>\n<p>&nbsp;<\/p>\n<p><span class=\"T286Pc\" data-sfc-cp=\"\" data-processed=\"true\"><br \/>\n<strong>Marca:<\/strong> Kaiser<br \/>\n<strong>Modelo: <\/strong><\/span>KDS-1202A<br \/>\n<span class=\"T286Pc\" data-sfc-cp=\"\" data-processed=\"true\"><strong>Cve: <\/strong>7503041719496<!--Sv6Kpe[]--><\/span><!--Sv6Kpe[]--><\/p>\n","protected":false},"excerpt":{"rendered":"<p>KDS-1202A<\/p>\n","protected":false},"featured_media":21029,"comment_status":"open","ping_status":"closed","template":"","meta":{"_joinchat":[]},"product_brand":[7832],"product_cat":[384,5413],"product_tag":[7693,7900],"class_list":{"0":"post-21027","1":"product","2":"type-product","3":"status-publish","4":"has-post-thumbnail","6":"product_brand-kaiser","7":"product_cat-audio","8":"product_cat-bafles","9":"product_tag-balfe","10":"product_tag-cotizar","12":"first","13":"instock","14":"shipping-taxable","15":"product-type-simple"},"post_mailing_queue_ids":[],"_links":{"self":[{"href":"https:\/\/laesfera.com.mx\/page\/wp-json\/wp\/v2\/product\/21027","targetHints":{"allow":["GET"]}}],"collection":[{"href":"https:\/\/laesfera.com.mx\/page\/wp-json\/wp\/v2\/product"}],"about":[{"href":"https:\/\/laesfera.com.mx\/page\/wp-json\/wp\/v2\/types\/product"}],"replies":[{"embeddable":true,"href":"https:\/\/laesfera.com.mx\/page\/wp-json\/wp\/v2\/comments?post=21027"}],"wp:featuredmedia":[{"embeddable":true,"href":"https:\/\/laesfera.com.mx\/page\/wp-json\/wp\/v2\/media\/21029"}],"wp:attachment":[{"href":"https:\/\/laesfera.com.mx\/page\/wp-json\/wp\/v2\/media?parent=21027"}],"wp:term":[{"taxonomy":"product_brand","embeddable":true,"href":"https:\/\/laesfera.com.mx\/page\/wp-json\/wp\/v2\/product_brand?post=21027"},{"taxonomy":"product_cat","embeddable":true,"href":"https:\/\/laesfera.com.mx\/page\/wp-json\/wp\/v2\/product_cat?post=21027"},{"taxonomy":"product_tag","embeddable":true,"href":"https:\/\/laesfera.com.mx\/page\/wp-json\/wp\/v2\/product_tag?post=21027"}],"curies":[{"name":"wp","href":"https:\/\/api.w.org\/{rel}","templated":true}]}}