{"id":20912,"date":"2025-10-18T15:23:27","date_gmt":"2025-10-18T19:23:27","guid":{"rendered":"https:\/\/laesfera.com.mx\/page\/?post_type=product&#038;p=20912"},"modified":"2025-10-18T15:23:28","modified_gmt":"2025-10-18T19:23:28","slug":"repuesto-para-carpeta-scribe-cuadro-7mm","status":"publish","type":"product","link":"https:\/\/laesfera.com.mx\/page\/tienda\/repuesto-para-carpeta-scribe-cuadro-7mm\/","title":{"rendered":"Repuesto Para Carpeta Scribe Cuadro 7mm"},"content":{"rendered":"<h4>Repuesto Para Carpeta Scribe Cuadro 7mm<\/h4>\n<div data-subtree=\"aimfl,mfl\">El repuesto de carpeta Scribe est\u00e1 compuesto por hojas de cuadro 7mm tama\u00f1o carta con perforaci\u00f3n universal para su uso en carpetas de anillas. Est\u00e1n dise\u00f1adas para mantener los documentos ordenados, evitando el traspaso de tinta gracias a su papel de calidad, lo que las hace adecuadas para uso escolar y profesional.<\/div>\n<div data-subtree=\"aimfl,mfl\"><\/div>\n<div data-subtree=\"aimfl,mfl\"><\/div>\n<p>&nbsp;<\/p>\n<p><span class=\"uJ19be notranslate\" data-wiz-uids=\"oyxWcc_1n,oyxWcc_1o\" data-processed=\"true\"><span class=\"vKEkVd\" data-animation-atomic=\"\" data-processed=\"true\"><strong>Marca:<\/strong>\u00a0Scribe<br \/>\n<strong>Formato:<\/strong> Cuadro 7mm.<br \/>\n<strong>Cantidad:<\/strong>\u00a0100 hjs.<br \/>\n<\/span><\/span><span class=\"uJ19be notranslate\" data-wiz-uids=\"oyxWcc_1n,oyxWcc_1o\" data-processed=\"true\"><span class=\"vKEkVd\" data-animation-atomic=\"\" data-processed=\"true\"><strong>Cve:<\/strong> 7506129408169<\/span><\/span><\/p>\n","protected":false},"excerpt":{"rendered":"<p>Repuesto 7mm.<\/p>\n","protected":false},"featured_media":20909,"comment_status":"open","ping_status":"closed","template":"","meta":{"_joinchat":[]},"product_brand":[7855],"product_cat":[7914],"product_tag":[7915],"class_list":{"0":"post-20912","1":"product","2":"type-product","3":"status-publish","4":"has-post-thumbnail","6":"product_brand-scribe","7":"product_cat-repuesto-de-carpeta","8":"product_tag-repuesto","10":"first","11":"instock","12":"shipping-taxable","13":"purchasable","14":"product-type-simple"},"post_mailing_queue_ids":[],"_links":{"self":[{"href":"https:\/\/laesfera.com.mx\/page\/wp-json\/wp\/v2\/product\/20912","targetHints":{"allow":["GET"]}}],"collection":[{"href":"https:\/\/laesfera.com.mx\/page\/wp-json\/wp\/v2\/product"}],"about":[{"href":"https:\/\/laesfera.com.mx\/page\/wp-json\/wp\/v2\/types\/product"}],"replies":[{"embeddable":true,"href":"https:\/\/laesfera.com.mx\/page\/wp-json\/wp\/v2\/comments?post=20912"}],"wp:featuredmedia":[{"embeddable":true,"href":"https:\/\/laesfera.com.mx\/page\/wp-json\/wp\/v2\/media\/20909"}],"wp:attachment":[{"href":"https:\/\/laesfera.com.mx\/page\/wp-json\/wp\/v2\/media?parent=20912"}],"wp:term":[{"taxonomy":"product_brand","embeddable":true,"href":"https:\/\/laesfera.com.mx\/page\/wp-json\/wp\/v2\/product_brand?post=20912"},{"taxonomy":"product_cat","embeddable":true,"href":"https:\/\/laesfera.com.mx\/page\/wp-json\/wp\/v2\/product_cat?post=20912"},{"taxonomy":"product_tag","embeddable":true,"href":"https:\/\/laesfera.com.mx\/page\/wp-json\/wp\/v2\/product_tag?post=20912"}],"curies":[{"name":"wp","href":"https:\/\/api.w.org\/{rel}","templated":true}]}}