{"id":20799,"date":"2025-07-21T21:23:15","date_gmt":"2025-07-22T01:23:15","guid":{"rendered":"https:\/\/laesfera.com.mx\/page\/?post_type=product&#038;p=20799"},"modified":"2025-07-21T21:30:27","modified_gmt":"2025-07-22T01:30:27","slug":"mesh_ecopro","status":"publish","type":"product","link":"https:\/\/laesfera.com.mx\/page\/tienda\/mesh_ecopro\/","title":{"rendered":"Sill\u00f3n Mesh Negro EcoPro"},"content":{"rendered":"<p><strong>Sill\u00f3n Mesh Negro EcoPro<\/strong><\/p>\n<p>&nbsp;<\/p>\n<p>Dise\u00f1o ergon\u00f3mico.<\/p>\n<p>&nbsp;<\/p>\n<p>Respaldo alto en mesh transpirable de alta durabilidad; tiene 4 tornillos para fijar al asiento por medio de los brazos.<\/p>\n<p>&nbsp;<\/p>\n<p>Estrella pentagonal de 5 puntas y di\u00e1metro de 60cm (24&#8243;) nervada.<br \/>\nRuedas y\/o regatones intercambiables.<br \/>\nRodajas doble de 50 mm de di\u00e1metro en material de goma para pisos duros o delicados.<br \/>\nPist\u00f3n neum\u00e1tico de gas nitr\u00f3geno a presi\u00f3n con fuerza de levantamiento de 350 N con 2 c\u00e1maras (1 de compresi\u00f3n y 1 de bloqueo en diferentes alturas).<\/p>\n<p>&nbsp;<\/p>\n<p>Peso m\u00e1ximo sugerido de resistencia 100 Kg.<\/p>\n<p>&nbsp;<\/p>\n<p><strong>Medidas:<\/strong><\/p>\n<p>Ancho: 60cm<br \/>\nProfundidad: 44cm<br \/>\nAltura respaldo: 59cm<br \/>\nAncho asiento: 52cm<br \/>\nProfundidad asiento: 48cm<\/p>\n<p>&nbsp;<\/p>\n<p><strong>Color:<\/strong> Negro.<br \/>\n<strong>Marca:<\/strong> Offiho<br \/>\n<strong>Modelo:<\/strong> EcoPro<br \/>\n<strong>Cve:<\/strong> SS 488<\/p>\n","protected":false},"excerpt":{"rendered":"<p>Dise\u00f1o ergon\u00f3mico<\/p>\n","protected":false},"featured_media":20800,"comment_status":"open","ping_status":"closed","template":"","meta":{"_joinchat":[]},"product_brand":[7797],"product_cat":[7733,8,79,5598],"product_tag":[988],"class_list":{"0":"post-20799","1":"product","2":"type-product","3":"status-publish","4":"has-post-thumbnail","6":"product_brand-offiho","7":"product_cat-lonuevo","8":"product_cat-muebles","9":"product_cat-sillas","10":"product_cat-sillones-sillas","11":"product_tag-sillon","13":"first","14":"instock","15":"shipping-taxable","16":"purchasable","17":"product-type-simple"},"post_mailing_queue_ids":[],"_links":{"self":[{"href":"https:\/\/laesfera.com.mx\/page\/wp-json\/wp\/v2\/product\/20799","targetHints":{"allow":["GET"]}}],"collection":[{"href":"https:\/\/laesfera.com.mx\/page\/wp-json\/wp\/v2\/product"}],"about":[{"href":"https:\/\/laesfera.com.mx\/page\/wp-json\/wp\/v2\/types\/product"}],"replies":[{"embeddable":true,"href":"https:\/\/laesfera.com.mx\/page\/wp-json\/wp\/v2\/comments?post=20799"}],"wp:featuredmedia":[{"embeddable":true,"href":"https:\/\/laesfera.com.mx\/page\/wp-json\/wp\/v2\/media\/20800"}],"wp:attachment":[{"href":"https:\/\/laesfera.com.mx\/page\/wp-json\/wp\/v2\/media?parent=20799"}],"wp:term":[{"taxonomy":"product_brand","embeddable":true,"href":"https:\/\/laesfera.com.mx\/page\/wp-json\/wp\/v2\/product_brand?post=20799"},{"taxonomy":"product_cat","embeddable":true,"href":"https:\/\/laesfera.com.mx\/page\/wp-json\/wp\/v2\/product_cat?post=20799"},{"taxonomy":"product_tag","embeddable":true,"href":"https:\/\/laesfera.com.mx\/page\/wp-json\/wp\/v2\/product_tag?post=20799"}],"curies":[{"name":"wp","href":"https:\/\/api.w.org\/{rel}","templated":true}]}}