{"id":20317,"date":"2025-05-20T16:25:48","date_gmt":"2025-05-20T20:25:48","guid":{"rendered":"https:\/\/laesfera.com.mx\/page\/?post_type=product&#038;p=20317"},"modified":"2025-10-10T21:10:45","modified_gmt":"2025-10-11T01:10:45","slug":"sillon-cantabria","status":"publish","type":"product","link":"https:\/\/laesfera.com.mx\/page\/tienda\/sillon-cantabria\/","title":{"rendered":"Sill\u00f3n Ejecutivo Respaldo alto Cantabria"},"content":{"rendered":"<h4>Sill\u00f3n Ejecutivo Respaldo alto Cantabria<\/h4>\n<p>&nbsp;<\/p>\n<p><strong>Base:<\/strong>\u00a0estrella de 5 puntas en poliamida, rodajas tipo dual.<br \/>\n<strong>Elevaci\u00f3n:<\/strong>\u00a0por medio de pist\u00f3n neum\u00e1tico que permite ajustar la altura del asiento.<br \/>\n<strong>Mecanismo:<\/strong>\u00a0plato de acero reforzado con sistema de reclinaci\u00f3n y palanca de bloqueo, perilla de regulaci\u00f3n de tensi\u00f3n para el sistema de reclinaci\u00f3n.<br \/>\n<strong>Cabecera:<\/strong>\u00a0ajustable.<br \/>\n<strong>Respaldo:<\/strong>\u00a0en malla de dise\u00f1o ergon\u00f3mico con soporte lumbar ajustable y cabecera.<br \/>\n<strong>Asiento:<\/strong>\u00a0hule espuma laminado flexible con alta densidad de 30 kgs\/m3 con retardante a la flama y alta resilencia.<br \/>\n<strong>Tapiz:<\/strong>\u00a0respaldo de malla de color negro y asiento tapizado en funda de tela de color negro con pespunte.<\/p>\n<p>&nbsp;<\/p>\n<p><strong>Peso m\u00e1ximo de resistencia:<\/strong>\u00a0120 kgs. Uso comercial ligero.<\/p>\n<p>&nbsp;<\/p>\n<p><strong>Marca:<\/strong> Offiho<br \/>\n<strong>Modelo:<\/strong> Cantabria<br \/>\n<strong>Clave:<\/strong> SS 441<\/p>\n<p>&nbsp;<\/p>\n","protected":false},"excerpt":{"rendered":"<p>Dise\u00f1o ergon\u00f3mico<\/p>\n","protected":false},"featured_media":20321,"comment_status":"open","ping_status":"closed","template":"","meta":{"_joinchat":[]},"product_brand":[7797],"product_cat":[7733,7609],"product_tag":[7900,988],"class_list":{"0":"post-20317","1":"product","2":"type-product","3":"status-publish","4":"has-post-thumbnail","6":"product_brand-offiho","7":"product_cat-lonuevo","8":"product_cat-sillasysillones","9":"product_tag-cotizar","10":"product_tag-sillon","12":"first","13":"instock","14":"shipping-taxable","15":"product-type-simple"},"post_mailing_queue_ids":[],"_links":{"self":[{"href":"https:\/\/laesfera.com.mx\/page\/wp-json\/wp\/v2\/product\/20317","targetHints":{"allow":["GET"]}}],"collection":[{"href":"https:\/\/laesfera.com.mx\/page\/wp-json\/wp\/v2\/product"}],"about":[{"href":"https:\/\/laesfera.com.mx\/page\/wp-json\/wp\/v2\/types\/product"}],"replies":[{"embeddable":true,"href":"https:\/\/laesfera.com.mx\/page\/wp-json\/wp\/v2\/comments?post=20317"}],"wp:featuredmedia":[{"embeddable":true,"href":"https:\/\/laesfera.com.mx\/page\/wp-json\/wp\/v2\/media\/20321"}],"wp:attachment":[{"href":"https:\/\/laesfera.com.mx\/page\/wp-json\/wp\/v2\/media?parent=20317"}],"wp:term":[{"taxonomy":"product_brand","embeddable":true,"href":"https:\/\/laesfera.com.mx\/page\/wp-json\/wp\/v2\/product_brand?post=20317"},{"taxonomy":"product_cat","embeddable":true,"href":"https:\/\/laesfera.com.mx\/page\/wp-json\/wp\/v2\/product_cat?post=20317"},{"taxonomy":"product_tag","embeddable":true,"href":"https:\/\/laesfera.com.mx\/page\/wp-json\/wp\/v2\/product_tag?post=20317"}],"curies":[{"name":"wp","href":"https:\/\/api.w.org\/{rel}","templated":true}]}}