{"id":19163,"date":"2024-04-30T11:55:52","date_gmt":"2024-04-30T17:55:52","guid":{"rendered":"https:\/\/laesfera.com.mx\/page\/?post_type=product&#038;p=19163"},"modified":"2025-07-17T15:09:41","modified_gmt":"2025-07-17T19:09:41","slug":"pantalla-de-proyeccion-100%e2%80%b3-qdp-69502-quian","status":"publish","type":"product","link":"https:\/\/laesfera.com.mx\/page\/tienda\/pantalla-de-proyeccion-100%e2%80%b3-qdp-69502-quian\/","title":{"rendered":"Pantalla de proyecci\u00f3n 100\u2033 QDP-69502 de pared Quian"},"content":{"rendered":"<h4>Pantalla de proyecci\u00f3n 100\u2033 QDP-69502 de pared Quian<\/h4>\n<p><span class=\"a-list-item\">Pantalla de proyecci\u00f3n suave, port\u00e1til, ligera y plegable, f\u00e1cil de instalar.<br \/>\n<\/span><span class=\"a-list-item\">Calidad de imagen HD. No da\u00f1a los ojos.<br \/>\n<\/span><span class=\"a-list-item\">\u00c1ngulo de visi\u00f3n panor\u00e1mico.<br \/>\n<\/span><span class=\"a-list-item\">Material f\u00e1cil de limpiar, a prueba de humedad, a prueba de moho, no se deforma.<br \/>\nPreviene eficazmente la dispersi\u00f3n de la luz.<br \/>\n<\/span><span class=\"a-list-item\">F\u00e1cil de instalar, cuenta con agujeros precisos para la instalaci\u00f3n, se puede fijar en ganchos, cuerdas, soporte, clavos sobre la pared o soporte.<\/span><\/p>\n<table class=\"tabla-atributos\" style=\"height: 163px;\" width=\"347\">\n<tbody>\n<tr>\n<td>\u00c1REA DE VISUALIZACI\u00d3N<\/td>\n<td>180cm*180cm<\/td>\n<\/tr>\n<tr>\n<td>MEDIDAS DE PANTALLA<\/td>\n<td>100&#8243; \/ 254cm<\/td>\n<\/tr>\n<tr>\n<td>FORMATO<\/td>\n<td>1:1<\/td>\n<\/tr>\n<tr>\n<td>COLOR DE TELA<\/td>\n<td>Blanco mate<\/td>\n<\/tr>\n<tr>\n<td>GROSOR DE LA TELA<\/td>\n<td>0.35mm<\/td>\n<\/tr>\n<\/tbody>\n<\/table>\n<p>&nbsp;<\/p>\n<p><strong>Marca:\u00a0<\/strong>Quian<br \/>\n<strong>Modelo:\u00a0<\/strong>QPD-69502<br \/>\n<strong>Color:\u00a0<\/strong>Blanco<br \/>\n<strong>Clave: <\/strong>7503026779927<\/p>\n","protected":false},"excerpt":{"rendered":"<div class=\"woocommerce-product-details__short-description\">\n<p>Ideal para proyecci\u00f3n<\/p>\n<\/div>\n","protected":false},"featured_media":19165,"comment_status":"open","ping_status":"closed","template":"","meta":{"_joinchat":[]},"product_brand":[7803],"product_cat":[10,97],"product_tag":[7900,7679,7804],"class_list":{"0":"post-19163","1":"product","2":"type-product","3":"status-publish","4":"has-post-thumbnail","6":"product_brand-qian","7":"product_cat-equipos","8":"product_cat-videoproyectoresypantallas","9":"product_tag-cotizar","10":"product_tag-pantalla","11":"product_tag-proyeccion","13":"first","14":"instock","15":"shipping-taxable","16":"product-type-simple"},"post_mailing_queue_ids":[],"_links":{"self":[{"href":"https:\/\/laesfera.com.mx\/page\/wp-json\/wp\/v2\/product\/19163","targetHints":{"allow":["GET"]}}],"collection":[{"href":"https:\/\/laesfera.com.mx\/page\/wp-json\/wp\/v2\/product"}],"about":[{"href":"https:\/\/laesfera.com.mx\/page\/wp-json\/wp\/v2\/types\/product"}],"replies":[{"embeddable":true,"href":"https:\/\/laesfera.com.mx\/page\/wp-json\/wp\/v2\/comments?post=19163"}],"wp:featuredmedia":[{"embeddable":true,"href":"https:\/\/laesfera.com.mx\/page\/wp-json\/wp\/v2\/media\/19165"}],"wp:attachment":[{"href":"https:\/\/laesfera.com.mx\/page\/wp-json\/wp\/v2\/media?parent=19163"}],"wp:term":[{"taxonomy":"product_brand","embeddable":true,"href":"https:\/\/laesfera.com.mx\/page\/wp-json\/wp\/v2\/product_brand?post=19163"},{"taxonomy":"product_cat","embeddable":true,"href":"https:\/\/laesfera.com.mx\/page\/wp-json\/wp\/v2\/product_cat?post=19163"},{"taxonomy":"product_tag","embeddable":true,"href":"https:\/\/laesfera.com.mx\/page\/wp-json\/wp\/v2\/product_tag?post=19163"}],"curies":[{"name":"wp","href":"https:\/\/api.w.org\/{rel}","templated":true}]}}