{"id":19039,"date":"2024-03-21T18:44:01","date_gmt":"2024-03-22T00:44:01","guid":{"rendered":"https:\/\/laesfera.com.mx\/page\/?post_type=product&#038;p=19039"},"modified":"2025-10-31T19:39:22","modified_gmt":"2025-10-31T23:39:22","slug":"locker-metalico-4-puertas-l-3114-arena","status":"publish","type":"product","link":"https:\/\/laesfera.com.mx\/page\/tienda\/locker-metalico-4-puertas-l-3114-arena\/","title":{"rendered":"Locker met\u00e1lico 4 puertas L-3114 Arena"},"content":{"rendered":"<h4>Locker met\u00e1lico 4 puertas L-3114 Arena<\/h4>\n<p>&nbsp;<\/p>\n<p style=\"text-align: justify;\"><span style=\"color: #000000;\">Fabricado en l\u00e1mina calibre 24 rolado en fr\u00edo.<br \/>\n<\/span><span style=\"color: #000000;\">Cuatro tacones en escuadra troqueladas fabricados el l\u00e1mina calibre 18.<br \/>\n<\/span><span style=\"color: #000000;\">Tapa superior fabricada en l\u00e1mina calibre 24.<br \/>\n<\/span><span style=\"color: #000000;\">Incluye portacandado fabricado en l\u00e1mina calibre 12 para el asegurar el compartimento.<br \/>\n<\/span><span style=\"color: #000000;\">Terminado en pintura con aplicaci\u00f3n electrost\u00e1tica en f\u00f3rmula h\u00edbrido horneado a 190\u00b0<\/span><\/p>\n<p>&nbsp;<\/p>\n<p>&nbsp;<\/p>\n<p><span style=\"color: #000000;\"><strong>Dimensiones:<\/strong><\/span><\/p>\n<p>&nbsp;<\/p>\n<ul>\n<li><span style=\"color: #000000;\"><strong>Alto:<\/strong>\u00a0180 cm.<\/span><\/li>\n<li><span style=\"color: #000000;\"><strong>Ancho:<\/strong>\u00a038 cm.<\/span><\/li>\n<li><span style=\"color: #000000;\"><strong>Profundidad:<\/strong>\u00a045 cm.<\/span><\/li>\n<\/ul>\n<p>&nbsp;<\/p>\n<p><span style=\"color: #000000;\"><strong>Marca:<\/strong>\u00a0PM<\/span><br \/>\n<span style=\"color: #000000;\"><strong>Modelo:<\/strong> L-3114<\/span><br \/>\n<span style=\"color: #000000;\"><strong>Color: <\/strong>Arena<\/span><br \/>\n<span style=\"color: #000000;\"><strong>Cve:\u00a0<\/strong>OF 002<\/span><\/p>\n<p>&nbsp;<\/p>\n","protected":false},"excerpt":{"rendered":"<p>Ideal para escuelas<\/p>\n","protected":false},"featured_media":19040,"comment_status":"open","ping_status":"closed","template":"","meta":{"_joinchat":[]},"product_brand":[7876],"product_cat":[5581,5583,8],"product_tag":[7900,513],"class_list":{"0":"post-19039","1":"product","2":"type-product","3":"status-publish","4":"has-post-thumbnail","6":"product_brand-pm","7":"product_cat-gabinetes-y-lockers","8":"product_cat-lockers","9":"product_cat-muebles","10":"product_tag-cotizar","11":"product_tag-locker","13":"first","14":"instock","15":"shipping-taxable","16":"product-type-simple"},"post_mailing_queue_ids":[],"_links":{"self":[{"href":"https:\/\/laesfera.com.mx\/page\/wp-json\/wp\/v2\/product\/19039","targetHints":{"allow":["GET"]}}],"collection":[{"href":"https:\/\/laesfera.com.mx\/page\/wp-json\/wp\/v2\/product"}],"about":[{"href":"https:\/\/laesfera.com.mx\/page\/wp-json\/wp\/v2\/types\/product"}],"replies":[{"embeddable":true,"href":"https:\/\/laesfera.com.mx\/page\/wp-json\/wp\/v2\/comments?post=19039"}],"wp:featuredmedia":[{"embeddable":true,"href":"https:\/\/laesfera.com.mx\/page\/wp-json\/wp\/v2\/media\/19040"}],"wp:attachment":[{"href":"https:\/\/laesfera.com.mx\/page\/wp-json\/wp\/v2\/media?parent=19039"}],"wp:term":[{"taxonomy":"product_brand","embeddable":true,"href":"https:\/\/laesfera.com.mx\/page\/wp-json\/wp\/v2\/product_brand?post=19039"},{"taxonomy":"product_cat","embeddable":true,"href":"https:\/\/laesfera.com.mx\/page\/wp-json\/wp\/v2\/product_cat?post=19039"},{"taxonomy":"product_tag","embeddable":true,"href":"https:\/\/laesfera.com.mx\/page\/wp-json\/wp\/v2\/product_tag?post=19039"}],"curies":[{"name":"wp","href":"https:\/\/api.w.org\/{rel}","templated":true}]}}