{"id":183,"date":"2017-03-14T14:02:06","date_gmt":"2017-03-14T20:02:06","guid":{"rendered":"http:\/\/laesfera.com.mx\/page\/?post_type=product&#038;p=183"},"modified":"2026-03-06T18:08:25","modified_gmt":"2026-03-06T22:08:25","slug":"silla-tubo-color-negro-samsonite","status":"publish","type":"product","link":"https:\/\/laesfera.com.mx\/page\/tienda\/silla-tubo-color-negro-samsonite\/","title":{"rendered":"Silla Tubo Negro Plegable Samsonite"},"content":{"rendered":"<p><strong>Silla tubo color negro plegable Samsonite<\/strong><\/p>\n<p>&nbsp;<\/p>\n<p style=\"text-align: justify\">Armaz\u00f3n de esmalte horneado que brinda mayor resistencia contra factores ambientales.<br \/>\nAsiento y respaldo fabricados en propileno virgen, lavable con agua y jab\u00f3n, adem\u00e1s de que no guarda calor o fr\u00edo excesivos.<br \/>\nEl propileno cuenta con aditivos contra rayos UV para proteger de la degradaci\u00f3n por rayos solares.<br \/>\nBarra transversal en las patas para evitar el hundimiento de la silla en el pasto.<br \/>\nPlegable para aprovechar al m\u00e1ximo los espacios en bodega y transporte.<br \/>\nSu dise\u00f1o permite estibarlas sin sufrir da\u00f1o alguno.<br \/>\nDise\u00f1o anat\u00f3mico que brinda mayor comodidad y mejor postura F\u00e1cil de transportar, almacenar y cargar.<\/p>\n<p>&nbsp;<\/p>\n<p><strong>Marca:<\/strong> Samsonite<br \/>\n<strong>Color:<\/strong> Negro<br \/>\n<strong>Cve:<\/strong> 7501048520121<\/p>\n","protected":false},"excerpt":{"rendered":"<p>Ideal para banqueter\u00eda.<\/p>\n","protected":false},"featured_media":12711,"comment_status":"open","ping_status":"closed","template":"","meta":{"_joinchat":[]},"product_brand":[7891],"product_cat":[8,79,5391],"product_tag":[7900,2653],"class_list":{"0":"post-183","1":"product","2":"type-product","3":"status-publish","4":"has-post-thumbnail","6":"product_brand-samsonite","7":"product_cat-muebles","8":"product_cat-sillas","9":"product_cat-sillas-plegables","10":"product_tag-cotizar","11":"product_tag-silla-plegable","13":"first","14":"instock","15":"shipping-taxable","16":"product-type-simple"},"post_mailing_queue_ids":[],"_links":{"self":[{"href":"https:\/\/laesfera.com.mx\/page\/wp-json\/wp\/v2\/product\/183","targetHints":{"allow":["GET"]}}],"collection":[{"href":"https:\/\/laesfera.com.mx\/page\/wp-json\/wp\/v2\/product"}],"about":[{"href":"https:\/\/laesfera.com.mx\/page\/wp-json\/wp\/v2\/types\/product"}],"replies":[{"embeddable":true,"href":"https:\/\/laesfera.com.mx\/page\/wp-json\/wp\/v2\/comments?post=183"}],"wp:featuredmedia":[{"embeddable":true,"href":"https:\/\/laesfera.com.mx\/page\/wp-json\/wp\/v2\/media\/12711"}],"wp:attachment":[{"href":"https:\/\/laesfera.com.mx\/page\/wp-json\/wp\/v2\/media?parent=183"}],"wp:term":[{"taxonomy":"product_brand","embeddable":true,"href":"https:\/\/laesfera.com.mx\/page\/wp-json\/wp\/v2\/product_brand?post=183"},{"taxonomy":"product_cat","embeddable":true,"href":"https:\/\/laesfera.com.mx\/page\/wp-json\/wp\/v2\/product_cat?post=183"},{"taxonomy":"product_tag","embeddable":true,"href":"https:\/\/laesfera.com.mx\/page\/wp-json\/wp\/v2\/product_tag?post=183"}],"curies":[{"name":"wp","href":"https:\/\/api.w.org\/{rel}","templated":true}]}}

<p><strong>Silla tubo color negro plegable Samsonite</strong></p>
<p>&nbsp;</p>
<p style="text-align: justify">Armazón de esmalte horneado que brinda mayor resistencia contra factores ambientales.<br />
Asiento y respaldo fabricados en propileno virgen, lavable con agua y jabón, además de que no guarda calor o frío excesivos.<br />
El propileno cuenta con aditivos contra rayos UV para proteger de la degradación por rayos solares.<br />
Barra transversal en las patas para evitar el hundimiento de la silla en el pasto.<br />
Plegable para aprovechar al máximo los espacios en bodega y transporte.<br />
Su diseño permite estibarlas sin sufrir daño alguno.<br />
Diseño anatómico que brinda mayor comodidad y mejor postura Fácil de transportar, almacenar y cargar.</p>
<p>&nbsp;</p>
<p><strong>Marca:</strong> Samsonite<br />
<strong>Color:</strong> Negro<br />
<strong>Cve:</strong> 7501048520121</p>

<p>Ideal para banquetería.</p>
