{"id":150,"date":"2017-03-13T19:33:45","date_gmt":"2017-03-14T01:33:45","guid":{"rendered":"http:\/\/laesfera.com.mx\/page\/?post_type=product&#038;p=150"},"modified":"2026-03-06T18:06:22","modified_gmt":"2026-03-06T22:06:22","slug":"silla-economalla","status":"publish","type":"product","link":"https:\/\/laesfera.com.mx\/page\/tienda\/silla-economalla\/","title":{"rendered":"Sill\u00f3n Semi-Ejecutivo Ecomalla"},"content":{"rendered":"<p><strong>Sill\u00f3n semi-ejecutivo Ecomalla.<\/strong><\/p>\n<p>&nbsp;<\/p>\n<p style=\"text-align: justify\"><strong>Base:<\/strong> estrella de 5 puntas en metal, terminada en cromo y con rodajas tipo dual.<br \/>\n<strong>Elevaci\u00f3n:<\/strong> por medio de pist\u00f3n neum\u00e1tico que permite ajustar la altura del asiento con terminado en cromo.<br \/>\n<strong>Mecanismo:<\/strong> plato de acero reforzado con sistema de reclinaci\u00f3n y palanca de bloqueo, perilla de regulaci\u00f3n de tensi\u00f3n para el sistema de reclinaci\u00f3n.<br \/>\n<strong>Respaldo:<\/strong> en malla de dise\u00f1o ergon\u00f3mico.<br \/>\n<strong>Asiento:<\/strong> hule espuma laminada flexible de alta densidad y alta resistencia; descansa brazos de poliuretano semi-r\u00edgido con soporte de acero.<br \/>\n<strong>Tapiz:<\/strong> malla en color negro y asiento en tela microespacial de color negro.<br \/>\n<strong>Peso m\u00e1ximo de resistencia:<\/strong> 160 kgs. aproximadamente.<\/p>\n<p>&nbsp;<\/p>\n<p>&nbsp;<\/p>\n<p><strong>Marca:\u00a0<\/strong>Offiho.<br \/>\n<strong>Modelo:\u00a0<\/strong>Econosilla<br \/>\n<strong>Color:\u00a0<\/strong>Negro<br \/>\n<strong>Cve:\u00a0<\/strong>SS 498<\/p>\n","protected":false},"excerpt":{"rendered":"<p>Ideal para oficina.<\/p>\n","protected":false},"featured_media":19215,"comment_status":"open","ping_status":"closed","template":"","meta":{"_joinchat":[]},"product_brand":[7797],"product_cat":[8,79,5598],"product_tag":[7900,7659,1013],"class_list":{"0":"post-150","1":"product","2":"type-product","3":"status-publish","4":"has-post-thumbnail","6":"product_brand-offiho","7":"product_cat-muebles","8":"product_cat-sillas","9":"product_cat-sillones-sillas","10":"product_tag-cotizar","11":"product_tag-mbl","12":"product_tag-sillon-ejecutivo","14":"first","15":"instock","16":"shipping-taxable","17":"product-type-simple"},"post_mailing_queue_ids":[],"_links":{"self":[{"href":"https:\/\/laesfera.com.mx\/page\/wp-json\/wp\/v2\/product\/150","targetHints":{"allow":["GET"]}}],"collection":[{"href":"https:\/\/laesfera.com.mx\/page\/wp-json\/wp\/v2\/product"}],"about":[{"href":"https:\/\/laesfera.com.mx\/page\/wp-json\/wp\/v2\/types\/product"}],"replies":[{"embeddable":true,"href":"https:\/\/laesfera.com.mx\/page\/wp-json\/wp\/v2\/comments?post=150"}],"wp:featuredmedia":[{"embeddable":true,"href":"https:\/\/laesfera.com.mx\/page\/wp-json\/wp\/v2\/media\/19215"}],"wp:attachment":[{"href":"https:\/\/laesfera.com.mx\/page\/wp-json\/wp\/v2\/media?parent=150"}],"wp:term":[{"taxonomy":"product_brand","embeddable":true,"href":"https:\/\/laesfera.com.mx\/page\/wp-json\/wp\/v2\/product_brand?post=150"},{"taxonomy":"product_cat","embeddable":true,"href":"https:\/\/laesfera.com.mx\/page\/wp-json\/wp\/v2\/product_cat?post=150"},{"taxonomy":"product_tag","embeddable":true,"href":"https:\/\/laesfera.com.mx\/page\/wp-json\/wp\/v2\/product_tag?post=150"}],"curies":[{"name":"wp","href":"https:\/\/api.w.org\/{rel}","templated":true}]}}

Sillón Semi-Ejecutivo Ecomalla

<p><strong>Sillón semi-ejecutivo Ecomalla.</strong></p>
<p>&nbsp;</p>
<p style="text-align: justify"><strong>Base:</strong> estrella de 5 puntas en metal, terminada en cromo y con rodajas tipo dual.<br />
<strong>Elevación:</strong> por medio de pistón neumático que permite ajustar la altura del asiento con terminado en cromo.<br />
<strong>Mecanismo:</strong> plato de acero reforzado con sistema de reclinación y palanca de bloqueo, perilla de regulación de tensión para el sistema de reclinación.<br />
<strong>Respaldo:</strong> en malla de diseño ergonómico.<br />
<strong>Asiento:</strong> hule espuma laminada flexible de alta densidad y alta resistencia; descansa brazos de poliuretano semi-rígido con soporte de acero.<br />
<strong>Tapiz:</strong> malla en color negro y asiento en tela microespacial de color negro.<br />
<strong>Peso máximo de resistencia:</strong> 160 kgs. aproximadamente.</p>
<p>&nbsp;</p>
<p>&nbsp;</p>
<p><strong>Marca: </strong>Offiho.<br />
<strong>Modelo: </strong>Econosilla<br />
<strong>Color: </strong>Negro<br />
<strong>Cve: </strong>SS 498</p>
