{"id":13369,"date":"2020-09-09T14:08:34","date_gmt":"2020-09-09T20:08:34","guid":{"rendered":"https:\/\/laesfera.com.mx\/page\/?post_type=product&#038;p=13369"},"modified":"2025-07-17T15:04:54","modified_gmt":"2025-07-17T19:04:54","slug":"mesa-rectangular-120-x-70-x-75-cm-de-cristal-mod-oslo","status":"publish","type":"product","link":"https:\/\/laesfera.com.mx\/page\/tienda\/mesa-rectangular-120-x-70-x-75-cm-de-cristal-mod-oslo\/","title":{"rendered":"Mesa rectangular 120 x 70 x 75 cm de cristal mod. Oslo"},"content":{"rendered":"<p><strong>Mesa rectangular 120 x 70 x 75 cm de cristal mod. Oslo<\/strong><\/p>\n<p>&nbsp;<\/p>\n<p style=\"text-align: justify\">Acondiciona tu hogar o negocio con nuestra hermosa mesa Oslo rectangular en cristal, fabricada con patas de madera y cubierta de cristal. Ideal para comedor de 4 personas con un dise\u00f1o \u00fanico, moderno y contempor\u00e1neo.<\/p>\n<p>&nbsp;<\/p>\n<p><b>Caracter\u00edsticas<\/b><strong>:<\/strong><\/p>\n<ul>\n<li>Mesa rectangular<\/li>\n<li>Cubierta de cristal<\/li>\n<li>Patas de madera<\/li>\n<\/ul>\n<p>&nbsp;<\/p>\n<p><strong>Materiales:<\/strong><\/p>\n<ul>\n<li>Madera<\/li>\n<li>Cristal<\/li>\n<\/ul>\n<p>&nbsp;<\/p>\n<p><strong>Medidas:<\/strong><\/p>\n<ul>\n<li><strong>Alto:\u00a0<\/strong>75 cm.<\/li>\n<li><strong>Largo:\u00a0<\/strong>120 cm.<\/li>\n<li><strong>Ancho: <\/strong>70 cm.<\/li>\n<\/ul>\n<p>&nbsp;<\/p>\n<p>&nbsp;<\/p>\n<p><strong>Marca:\u00a0<\/strong>JM<br \/>\n<strong>Modelo:\u00a0<\/strong>Oslo<br \/>\n<strong>Color:\u00a0<\/strong>Cristal<br \/>\n<strong>Cve:\u00a0<\/strong>SS 525<\/p>\n","protected":false},"excerpt":{"rendered":"<p>Mesa rectangular ideal para el hogar<\/p>\n","protected":false},"featured_media":13370,"comment_status":"open","ping_status":"closed","template":"","meta":{"_joinchat":[]},"product_brand":[7796],"product_cat":[133,5560,8],"product_tag":[7900,7659,134],"class_list":{"0":"post-13369","1":"product","2":"type-product","3":"status-publish","4":"has-post-thumbnail","6":"product_brand-jm","7":"product_cat-mesas","8":"product_cat-mesas-multiusos","9":"product_cat-muebles","10":"product_tag-cotizar","11":"product_tag-mbl","12":"product_tag-mesa","14":"first","15":"instock","16":"shipping-taxable","17":"product-type-simple"},"post_mailing_queue_ids":[],"_links":{"self":[{"href":"https:\/\/laesfera.com.mx\/page\/wp-json\/wp\/v2\/product\/13369","targetHints":{"allow":["GET"]}}],"collection":[{"href":"https:\/\/laesfera.com.mx\/page\/wp-json\/wp\/v2\/product"}],"about":[{"href":"https:\/\/laesfera.com.mx\/page\/wp-json\/wp\/v2\/types\/product"}],"replies":[{"embeddable":true,"href":"https:\/\/laesfera.com.mx\/page\/wp-json\/wp\/v2\/comments?post=13369"}],"wp:featuredmedia":[{"embeddable":true,"href":"https:\/\/laesfera.com.mx\/page\/wp-json\/wp\/v2\/media\/13370"}],"wp:attachment":[{"href":"https:\/\/laesfera.com.mx\/page\/wp-json\/wp\/v2\/media?parent=13369"}],"wp:term":[{"taxonomy":"product_brand","embeddable":true,"href":"https:\/\/laesfera.com.mx\/page\/wp-json\/wp\/v2\/product_brand?post=13369"},{"taxonomy":"product_cat","embeddable":true,"href":"https:\/\/laesfera.com.mx\/page\/wp-json\/wp\/v2\/product_cat?post=13369"},{"taxonomy":"product_tag","embeddable":true,"href":"https:\/\/laesfera.com.mx\/page\/wp-json\/wp\/v2\/product_tag?post=13369"}],"curies":[{"name":"wp","href":"https:\/\/api.w.org\/{rel}","templated":true}]}}

<p><strong>Mesa rectangular 120 x 70 x 75 cm de cristal mod. Oslo</strong></p>
<p>&nbsp;</p>
<p style="text-align: justify">Acondiciona tu hogar o negocio con nuestra hermosa mesa Oslo rectangular en cristal, fabricada con patas de madera y cubierta de cristal. Ideal para comedor de 4 personas con un diseño único, moderno y contemporáneo.</p>
<p>&nbsp;</p>
<p><b>Características</b><strong>:</strong></p>
<ul>
<li>Mesa rectangular</li>
<li>Cubierta de cristal</li>
<li>Patas de madera</li>
</ul>
<p>&nbsp;</p>
<p><strong>Materiales:</strong></p>
<ul>
<li>Madera</li>
<li>Cristal</li>
</ul>
<p>&nbsp;</p>
<p><strong>Medidas:</strong></p>
<ul>
<li><strong>Alto: </strong>75 cm.</li>
<li><strong>Largo: </strong>120 cm.</li>
<li><strong>Ancho: </strong>70 cm.</li>
</ul>
<p>&nbsp;</p>
<p>&nbsp;</p>
<p><strong>Marca: </strong>JM<br />
<strong>Modelo: </strong>Oslo<br />
<strong>Color: </strong>Cristal<br />
<strong>Cve: </strong>SS 525</p>
