{"id":12971,"date":"2020-07-23T10:44:52","date_gmt":"2020-07-23T16:44:52","guid":{"rendered":"https:\/\/laesfera.com.mx\/page\/?post_type=product&#038;p=12971"},"modified":"2025-05-22T15:25:36","modified_gmt":"2025-05-22T19:25:36","slug":"rollo-termico-para-mini-printer-tinta-negra-57-x-45-mm","status":"publish","type":"product","link":"https:\/\/laesfera.com.mx\/page\/tienda\/rollo-termico-para-mini-printer-tinta-negra-57-x-45-mm\/","title":{"rendered":"Rollo t\u00e9rmico 57 x 45 mm para mini printer tinta negra"},"content":{"rendered":"<div>\n<div>\n<p><strong>Rollo t\u00e9rmico 57 x 45 mm para mini printer tinta negra.<\/strong><\/p>\n<p>&nbsp;<\/p>\n<p style=\"text-align: justify\">El rollo t\u00e9rmico est\u00e1 conformado por papel reactivo que se imprime en base al calor que genera el cabezal t\u00e9rmico de la impresora, esto quiere decir que no requiere tinta para imprimir.<\/p>\n<\/div>\n<\/div>\n<div>\n<div>\n<div>\n<p style=\"text-align: justify\">Una de las principales ventajas de utilizar\u00a0rollo t\u00e9rmico\u00a0es que es la opci\u00f3n m\u00e1s econ\u00f3mica al no requerir tintas, adem\u00e1s es de r\u00e1pida impresi\u00f3n y tambi\u00e9n es silencioso al no recibir impacto de cabezales.<\/p>\n<p style=\"text-align: justify\">Tambi\u00e9n el mantenimiento de la impresora es menor ya que no posee gran cantidad de perif\u00e9ricos que requieren mayor mantenimiento.<\/p>\n<\/div>\n<\/div>\n<\/div>\n<p>&nbsp;<\/p>\n<p><b>Caracter\u00edsticas:<\/b><\/p>\n<ul>\n<li>Ancho: 57 mm +-1<\/li>\n<li>Di\u00e1metro: 45 mm +1<\/li>\n<li>Tipo de centro: Panal<\/li>\n<li>Medida del centro: 12 mm<\/li>\n<li>Color del centro: Negro<\/li>\n<li>Cierre del rollo: Est\u00e1ndar<\/li>\n<li>Marca del fin del rollo: Si<\/li>\n<\/ul>\n<p>&nbsp;<\/p>\n<p>&nbsp;<\/p>\n<p><strong>Marca: <\/strong>PCM<br \/>\n<b>Color de reacci\u00f3n: <\/b>Negro<br \/>\n<strong>Cve:<\/strong> 789456123<\/p>\n","protected":false},"excerpt":{"rendered":"<p>Rollo t\u00e9rmico para miniprinter<\/p>\n","protected":false},"featured_media":12649,"comment_status":"open","ping_status":"closed","template":"","meta":{"_joinchat":[]},"product_brand":[7877],"product_cat":[9,6952,7521],"product_tag":[7444],"class_list":{"0":"post-12971","1":"product","2":"type-product","3":"status-publish","4":"has-post-thumbnail","6":"product_brand-pcm","7":"product_cat-oficina","8":"product_cat-papelparaimpresion","9":"product_cat-rollosparaimpresion","10":"product_tag-rollo-termico","12":"first","13":"instock","14":"shipping-taxable","15":"purchasable","16":"product-type-simple"},"post_mailing_queue_ids":[],"_links":{"self":[{"href":"https:\/\/laesfera.com.mx\/page\/wp-json\/wp\/v2\/product\/12971","targetHints":{"allow":["GET"]}}],"collection":[{"href":"https:\/\/laesfera.com.mx\/page\/wp-json\/wp\/v2\/product"}],"about":[{"href":"https:\/\/laesfera.com.mx\/page\/wp-json\/wp\/v2\/types\/product"}],"replies":[{"embeddable":true,"href":"https:\/\/laesfera.com.mx\/page\/wp-json\/wp\/v2\/comments?post=12971"}],"wp:featuredmedia":[{"embeddable":true,"href":"https:\/\/laesfera.com.mx\/page\/wp-json\/wp\/v2\/media\/12649"}],"wp:attachment":[{"href":"https:\/\/laesfera.com.mx\/page\/wp-json\/wp\/v2\/media?parent=12971"}],"wp:term":[{"taxonomy":"product_brand","embeddable":true,"href":"https:\/\/laesfera.com.mx\/page\/wp-json\/wp\/v2\/product_brand?post=12971"},{"taxonomy":"product_cat","embeddable":true,"href":"https:\/\/laesfera.com.mx\/page\/wp-json\/wp\/v2\/product_cat?post=12971"},{"taxonomy":"product_tag","embeddable":true,"href":"https:\/\/laesfera.com.mx\/page\/wp-json\/wp\/v2\/product_tag?post=12971"}],"curies":[{"name":"wp","href":"https:\/\/api.w.org\/{rel}","templated":true}]}}