{"id":11797,"date":"2020-06-22T09:51:48","date_gmt":"2020-06-22T15:51:48","guid":{"rendered":"https:\/\/laesfera.com.mx\/page\/?post_type=product&#038;p=11797"},"modified":"2025-11-07T15:03:32","modified_gmt":"2025-11-07T19:03:32","slug":"archivero-4-gavetas-pm-9164-negro","status":"publish","type":"product","link":"https:\/\/laesfera.com.mx\/page\/tienda\/archivero-4-gavetas-pm-9164-negro\/","title":{"rendered":"Archivero vertical met\u00e1lico 4 gavetas oficio PM A-9164 negro"},"content":{"rendered":"<p><span style=\"color: #000000;\"><strong><span class=\"selectable-text copyable-text xkrh14z\">Archivero vertical met\u00e1lico 4 gavetas oficio PM A-9164 negro<\/span><\/strong><\/span><\/p>\n<p>&nbsp;<\/p>\n<div class=\"product__information\"><span style=\"color: #000000;\">Dise\u00f1o inspirado en la vida diaria, en lo cotidiano. La perfecci\u00f3n no tiene l\u00edmites. Haz de cada rinc\u00f3n, un sitio confortable y ll\u00e9nalo de dise\u00f1o, para mantenerte inspirado.<\/span><\/div>\n<form id=\"product_form_3924754956352\" class=\"product-form product-form-product-template \" accept-charset=\"UTF-8\" action=\"https:\/\/pmlapiedad.myshopify.com\/cart\/add\" enctype=\"multipart\/form-data\" method=\"post\" novalidate=\"novalidate\">\n<div class=\"selector-wrapper js product-form__item\"><\/div>\n<\/form>\n<p><span style=\"color: #000000;\"><strong>Cuerpo:<\/strong><\/span><\/p>\n<ul>\n<li><span style=\"color: #000000;\">L\u00e1mina de acero calibre 24.<\/span><\/li>\n<li><span style=\"color: #000000;\">Tapa o cubierta superior en lamina de acero calibre 22.<\/span><\/li>\n<li><span style=\"color: #000000;\">L\u00e1mina terminada en pintura con aplicaci\u00f3n electrost\u00e1tica.<\/span><\/li>\n<\/ul>\n<p>&nbsp;<\/p>\n<p><span style=\"color: #000000;\"><strong>Ensamble:\u00a0<\/strong>Fijo.<\/span><br \/>\n<span style=\"color: #000000;\"><b>Documentos:\u00a0<\/b>Tama\u00f1o carta \/ oficio.<\/span><br \/>\n<span style=\"color: #000000;\"><b>Capacidad de carga:\u00a0<\/b>35 kg por cada gaveta.<\/span><br \/>\n<span style=\"color: #000000;\"><b>Jaladera:\u00a0<\/b>Embutida.<\/span><br \/>\n<span style=\"color: #000000;\"><b>Seguridad:\u00a0<\/b>Chapa de seguridad general.<\/span><\/p>\n<p>&nbsp;<\/p>\n<p><span style=\"color: #000000;\"><strong>Dimensiones:<\/strong><\/span><\/p>\n<ul>\n<li><span style=\"color: #000000;\"><strong>Alto: <\/strong>133 cm<\/span><\/li>\n<li><span style=\"color: #000000;\"><strong>Frente:<\/strong> 46.5 cm<\/span><\/li>\n<li><span style=\"color: #000000;\"><strong>Profundidad: <\/strong>64 cm<\/span><\/li>\n<\/ul>\n<p>&nbsp;<\/p>\n<p><span style=\"color: #000000;\"><strong>Marca:\u00a0<\/strong>PM<\/span><br \/>\n<span style=\"color: #000000;\"><strong>Modelo:\u00a0<\/strong>A-9164<\/span><br \/>\n<span style=\"color: #000000;\"><strong>Color:\u00a0<\/strong>Negro<\/span><br \/>\n<span style=\"color: #000000;\"><strong>Cve:\u00a0<\/strong>OF 021 N<\/span><\/p>\n","protected":false},"excerpt":{"rendered":"<p>Ideal para oficina y escuelas<\/p>\n","protected":false},"featured_media":21046,"comment_status":"open","ping_status":"closed","template":"","meta":{"_joinchat":[]},"product_brand":[7876],"product_cat":[74,8],"product_tag":[7552,7900,7659],"class_list":{"0":"post-11797","1":"product","2":"type-product","3":"status-publish","4":"has-post-thumbnail","6":"product_brand-pm","7":"product_cat-archiveros","8":"product_cat-muebles","9":"product_tag-archivero","10":"product_tag-cotizar","11":"product_tag-mbl","13":"first","14":"instock","15":"featured","16":"shipping-taxable","17":"product-type-simple"},"post_mailing_queue_ids":[],"_links":{"self":[{"href":"https:\/\/laesfera.com.mx\/page\/wp-json\/wp\/v2\/product\/11797","targetHints":{"allow":["GET"]}}],"collection":[{"href":"https:\/\/laesfera.com.mx\/page\/wp-json\/wp\/v2\/product"}],"about":[{"href":"https:\/\/laesfera.com.mx\/page\/wp-json\/wp\/v2\/types\/product"}],"replies":[{"embeddable":true,"href":"https:\/\/laesfera.com.mx\/page\/wp-json\/wp\/v2\/comments?post=11797"}],"wp:featuredmedia":[{"embeddable":true,"href":"https:\/\/laesfera.com.mx\/page\/wp-json\/wp\/v2\/media\/21046"}],"wp:attachment":[{"href":"https:\/\/laesfera.com.mx\/page\/wp-json\/wp\/v2\/media?parent=11797"}],"wp:term":[{"taxonomy":"product_brand","embeddable":true,"href":"https:\/\/laesfera.com.mx\/page\/wp-json\/wp\/v2\/product_brand?post=11797"},{"taxonomy":"product_cat","embeddable":true,"href":"https:\/\/laesfera.com.mx\/page\/wp-json\/wp\/v2\/product_cat?post=11797"},{"taxonomy":"product_tag","embeddable":true,"href":"https:\/\/laesfera.com.mx\/page\/wp-json\/wp\/v2\/product_tag?post=11797"}],"curies":[{"name":"wp","href":"https:\/\/api.w.org\/{rel}","templated":true}]}}