{"id":11252,"date":"2020-06-15T15:10:04","date_gmt":"2020-06-15T21:10:04","guid":{"rendered":"https:\/\/laesfera.com.mx\/page\/?post_type=product&#038;p=11252"},"modified":"2025-05-22T15:45:21","modified_gmt":"2025-05-22T19:45:21","slug":"botella-epson-t504420-al-amarillo-ecotank","status":"publish","type":"product","link":"https:\/\/laesfera.com.mx\/page\/tienda\/botella-epson-t504420-al-amarillo-ecotank\/","title":{"rendered":"Botella Epson T504420-AL amarillo ecotank"},"content":{"rendered":"<p><strong>Botella Epson T504420-AL amarillo ecotank.<\/strong><\/p>\n<p>&nbsp;<\/p>\n<p>Con la botella de tinta Epson T504 color amarillo nunca te faltara la tinta para tu impresora o multifuncional, en tan solo una peque\u00f1a botella con sistema ecotank, el cual podr\u00e1s mantener siempre a la mano. Su calidad te permite obtener impresiones n\u00edtidas y precisas. Es compatible con los equipos Epson L4150, L4160, L6171.<\/p>\n<div class=\"list-row\">\n<p class=\"feature-title body-copy v-fw-medium\"><strong>Peque\u00f1a botella. Gran rendimiento\u00a0<\/strong><br \/>\nLa botella de tinta T504 te ofrece gran rendimiento con impresiones n\u00edtidas y precisas<\/p>\n<\/div>\n<div class=\"list-row\">\n<p class=\"feature-title body-copy v-fw-medium\"><strong>Tecnolog\u00eda EcoTank<br \/>\n<\/strong>Disfruta de recargas sin problemas ni complicaciones con las botellas de tinta mejoradas<\/p>\n<\/div>\n<div class=\"list-row\">\n<p class=\"feature-title body-copy v-fw-medium\"><strong>\u00dasalo en tu equipo de impresi\u00f3n<\/strong><br \/>\nEpson L4150, L4160, L6171<\/p>\n<\/div>\n<div class=\"list-row\">\n<p class=\"feature-title body-copy v-fw-medium\"><strong>Rendimiento<\/strong><br \/>\n6000 paginas<\/p>\n<\/div>\n<p>&nbsp;<\/p>\n<p><strong>Marca:\u00a0<\/strong>Epson<br \/>\n<strong>Modelo:\u00a0<\/strong>T504420-AL<br \/>\n<strong>Color: <\/strong>Amarillo<br \/>\n<strong>Cve:<\/strong>010343938779<\/p>\n","protected":false},"excerpt":{"rendered":"<p>Botella Para Sistema Continuo<\/p>\n","protected":false},"featured_media":11259,"comment_status":"open","ping_status":"closed","template":"","meta":{"_joinchat":[]},"product_brand":[7839],"product_cat":[5434,11,6108],"product_tag":[7636],"class_list":{"0":"post-11252","1":"product","2":"type-product","3":"status-publish","4":"has-post-thumbnail","6":"product_brand-epson","7":"product_cat-botellas-de-tinta","8":"product_cat-consumibles","9":"product_cat-tintaepson","10":"product_tag-tinta-continua","12":"first","13":"instock","14":"shipping-taxable","15":"purchasable","16":"product-type-simple"},"post_mailing_queue_ids":[],"_links":{"self":[{"href":"https:\/\/laesfera.com.mx\/page\/wp-json\/wp\/v2\/product\/11252","targetHints":{"allow":["GET"]}}],"collection":[{"href":"https:\/\/laesfera.com.mx\/page\/wp-json\/wp\/v2\/product"}],"about":[{"href":"https:\/\/laesfera.com.mx\/page\/wp-json\/wp\/v2\/types\/product"}],"replies":[{"embeddable":true,"href":"https:\/\/laesfera.com.mx\/page\/wp-json\/wp\/v2\/comments?post=11252"}],"wp:featuredmedia":[{"embeddable":true,"href":"https:\/\/laesfera.com.mx\/page\/wp-json\/wp\/v2\/media\/11259"}],"wp:attachment":[{"href":"https:\/\/laesfera.com.mx\/page\/wp-json\/wp\/v2\/media?parent=11252"}],"wp:term":[{"taxonomy":"product_brand","embeddable":true,"href":"https:\/\/laesfera.com.mx\/page\/wp-json\/wp\/v2\/product_brand?post=11252"},{"taxonomy":"product_cat","embeddable":true,"href":"https:\/\/laesfera.com.mx\/page\/wp-json\/wp\/v2\/product_cat?post=11252"},{"taxonomy":"product_tag","embeddable":true,"href":"https:\/\/laesfera.com.mx\/page\/wp-json\/wp\/v2\/product_tag?post=11252"}],"curies":[{"name":"wp","href":"https:\/\/api.w.org\/{rel}","templated":true}]}}