{"id":10450,"date":"2020-06-05T14:38:33","date_gmt":"2020-06-05T20:38:33","guid":{"rendered":"https:\/\/laesfera.com.mx\/page\/?post_type=product&#038;p=10450"},"modified":"2025-05-22T15:51:12","modified_gmt":"2025-05-22T19:51:12","slug":"organizador-2-canastas-1-repisa-flap-3","status":"publish","type":"product","link":"https:\/\/laesfera.com.mx\/page\/tienda\/organizador-2-canastas-1-repisa-flap-3\/","title":{"rendered":"Organizador 2 canastas, 1 repisa Flap 3"},"content":{"rendered":"<p><strong>Organizador 2 canastas, 1 repisa Flap 3<\/strong><\/p>\n<p>&nbsp;<\/p>\n<p style=\"text-align: justify\">\u00a1 Practicidad, almacenaje y comodidad !<\/p>\n<p style=\"text-align: justify\">Ahorrar espacio con un mueble pr\u00e1ctico y funcional es algo que siempre se busca a la hora de amueblar y adornar la casa.<\/p>\n<p style=\"text-align: justify\">Hoy en d\u00eda se utilizan mucho los carros organizadores, haci\u00e9ndolos uno de los art\u00edculos m\u00e1s pr\u00e1cticos. Carrito organizador con 2 cestas y 1 charola para almacenar lo que desees.<\/p>\n<p>&nbsp;<\/p>\n<p><b>Caracter\u00edsticas<\/b><strong>:<\/strong><\/p>\n<ul>\n<li>Carrito de 2 cestas y 1 charola con ruedas.<\/li>\n<li>Uso para ba\u00f1o, cocina, oficina y jard\u00edn.<\/li>\n<li>3 Repisas.<\/li>\n<li>F\u00e1cil armado.<\/li>\n<\/ul>\n<p>&nbsp;<\/p>\n<ul>\n<li><strong>Medidas:<\/strong>\n<ul>\n<li>Alto: 72 cm.<\/li>\n<li>Largo: 40 cm.<\/li>\n<li>Ancho: 30 cm.<\/li>\n<\/ul>\n<\/li>\n<\/ul>\n<p>&nbsp;<\/p>\n<p>&nbsp;<\/p>\n<p><strong>Marca:\u00a0<\/strong>Italhome<br \/>\n<strong>Modelo:\u00a0<\/strong>Flap 3<br \/>\n<strong>Color:\u00a0<\/strong>Blanco<br \/>\n<strong>Cve: <\/strong>IH 005<\/p>\n","protected":false},"excerpt":{"rendered":"<p>Ideal Para Casa o Jard\u00edn<\/p>\n","protected":false},"featured_media":19178,"comment_status":"open","ping_status":"closed","template":"","meta":{"_joinchat":[]},"product_brand":[7802],"product_cat":[8,1364],"product_tag":[1380],"class_list":{"0":"post-10450","1":"product","2":"type-product","3":"status-publish","4":"has-post-thumbnail","6":"product_brand-italhome","7":"product_cat-muebles","8":"product_cat-organizador","9":"product_tag-organizador","11":"first","12":"instock","13":"shipping-taxable","14":"purchasable","15":"product-type-simple"},"post_mailing_queue_ids":[],"_links":{"self":[{"href":"https:\/\/laesfera.com.mx\/page\/wp-json\/wp\/v2\/product\/10450","targetHints":{"allow":["GET"]}}],"collection":[{"href":"https:\/\/laesfera.com.mx\/page\/wp-json\/wp\/v2\/product"}],"about":[{"href":"https:\/\/laesfera.com.mx\/page\/wp-json\/wp\/v2\/types\/product"}],"replies":[{"embeddable":true,"href":"https:\/\/laesfera.com.mx\/page\/wp-json\/wp\/v2\/comments?post=10450"}],"wp:featuredmedia":[{"embeddable":true,"href":"https:\/\/laesfera.com.mx\/page\/wp-json\/wp\/v2\/media\/19178"}],"wp:attachment":[{"href":"https:\/\/laesfera.com.mx\/page\/wp-json\/wp\/v2\/media?parent=10450"}],"wp:term":[{"taxonomy":"product_brand","embeddable":true,"href":"https:\/\/laesfera.com.mx\/page\/wp-json\/wp\/v2\/product_brand?post=10450"},{"taxonomy":"product_cat","embeddable":true,"href":"https:\/\/laesfera.com.mx\/page\/wp-json\/wp\/v2\/product_cat?post=10450"},{"taxonomy":"product_tag","embeddable":true,"href":"https:\/\/laesfera.com.mx\/page\/wp-json\/wp\/v2\/product_tag?post=10450"}],"curies":[{"name":"wp","href":"https:\/\/api.w.org\/{rel}","templated":true}]}}