{"id":10268,"date":"2020-06-03T13:50:45","date_gmt":"2020-06-03T19:50:45","guid":{"rendered":"https:\/\/laesfera.com.mx\/page\/?post_type=product&#038;p=10268"},"modified":"2025-10-30T14:36:36","modified_gmt":"2025-10-30T18:36:36","slug":"escritorio-jm-resen","status":"publish","type":"product","link":"https:\/\/laesfera.com.mx\/page\/tienda\/escritorio-jm-resen\/","title":{"rendered":"Escritorio JM-Resen Mobilek"},"content":{"rendered":"<p><span style=\"color: #000000;\"><strong>Escritorio JM-Resen Mobilek<\/strong><\/span><\/p>\n<p>&nbsp;<\/p>\n<p><span style=\"color: #000000;\">El Escritorio Resen combina dise\u00f1o contempor\u00e1neo con materiales resistentes, ofreciendo una soluci\u00f3n ideal para home office, estudio o espacios ejecutivos. Su estructura robusta, con cubierta tipo madera, brinda un balance perfecto entre estilo, estabilidad y funcionalidad. Es la opci\u00f3n ideal para quienes buscan un escritorio con presencia, duradero y con un toque profesional.<\/span><\/p>\n<p>&nbsp;<\/p>\n<p style=\"text-align: justify;\"><span style=\"color: #000000;\">Fabricado en laminado pl\u00e1stico con un hermoso color, cuenta con un caj\u00f3n papelero de amplio espacio de almacenamiento con corredera sencilla y jaladera met\u00e1lica.<\/span><\/p>\n<p>&nbsp;<\/p>\n<p style=\"text-align: justify;\"><span style=\"color: #000000;\">Es una excelente opci\u00f3n que se adapta f\u00e1cilmente a tus necesidades ya que se puede utilizar perfectamente como una mesa de oficina o para dividir dos ambientes.<\/span><\/p>\n<p><span class=\"metafield-multi_line_text_field\"><br \/>\n<span style=\"color: #000000;\"><strong>Dimensiones:<\/strong><\/span><\/span><\/p>\n<p>&nbsp;<\/p>\n<p><span class=\"metafield-multi_line_text_field\" style=\"color: #000000;\"><strong>Largo:<\/strong> 90 cm.<br \/>\n<strong>Ancho<\/strong>: 52cm.<br \/>\n<strong>Alto:<\/strong> 74 cm.<\/span><\/p>\n<p>&nbsp;<\/p>\n<p><span style=\"color: #000000;\"><strong>Marca:<\/strong> Mobilek<strong><br \/>\nModelo:<\/strong> Resen<strong><br \/>\nColor:<\/strong> Roble<strong><br \/>\nCve:\u00a0<\/strong>SS 541<\/span><\/p>\n","protected":false},"excerpt":{"rendered":"<p>Ideal Para el Hogar u Oficina<\/p>\n","protected":false},"featured_media":20948,"comment_status":"open","ping_status":"closed","template":"","meta":{"_joinchat":[]},"product_brand":[7796],"product_cat":[7610,73,8],"product_tag":[7900,232,7659],"class_list":{"0":"post-10268","1":"product","2":"type-product","3":"status-publish","4":"has-post-thumbnail","6":"product_brand-jm","7":"product_cat-escritorios-buenfin2020","8":"product_cat-escritorios","9":"product_cat-muebles","10":"product_tag-cotizar","11":"product_tag-escritorio","12":"product_tag-mbl","14":"first","15":"instock","16":"shipping-taxable","17":"product-type-simple"},"post_mailing_queue_ids":[],"_links":{"self":[{"href":"https:\/\/laesfera.com.mx\/page\/wp-json\/wp\/v2\/product\/10268","targetHints":{"allow":["GET"]}}],"collection":[{"href":"https:\/\/laesfera.com.mx\/page\/wp-json\/wp\/v2\/product"}],"about":[{"href":"https:\/\/laesfera.com.mx\/page\/wp-json\/wp\/v2\/types\/product"}],"replies":[{"embeddable":true,"href":"https:\/\/laesfera.com.mx\/page\/wp-json\/wp\/v2\/comments?post=10268"}],"wp:featuredmedia":[{"embeddable":true,"href":"https:\/\/laesfera.com.mx\/page\/wp-json\/wp\/v2\/media\/20948"}],"wp:attachment":[{"href":"https:\/\/laesfera.com.mx\/page\/wp-json\/wp\/v2\/media?parent=10268"}],"wp:term":[{"taxonomy":"product_brand","embeddable":true,"href":"https:\/\/laesfera.com.mx\/page\/wp-json\/wp\/v2\/product_brand?post=10268"},{"taxonomy":"product_cat","embeddable":true,"href":"https:\/\/laesfera.com.mx\/page\/wp-json\/wp\/v2\/product_cat?post=10268"},{"taxonomy":"product_tag","embeddable":true,"href":"https:\/\/laesfera.com.mx\/page\/wp-json\/wp\/v2\/product_tag?post=10268"}],"curies":[{"name":"wp","href":"https:\/\/api.w.org\/{rel}","templated":true}]}}

<p><span style="color: #000000;"><strong>Escritorio JM-Resen Mobilek</strong></span></p>
<p>&nbsp;</p>
<p><span style="color: #000000;">El Escritorio Resen combina diseño contemporáneo con materiales resistentes, ofreciendo una solución ideal para home office, estudio o espacios ejecutivos. Su estructura robusta, con cubierta tipo madera, brinda un balance perfecto entre estilo, estabilidad y funcionalidad. Es la opción ideal para quienes buscan un escritorio con presencia, duradero y con un toque profesional.</span></p>
<p>&nbsp;</p>
<p style="text-align: justify;"><span style="color: #000000;">Fabricado en laminado plástico con un hermoso color, cuenta con un cajón papelero de amplio espacio de almacenamiento con corredera sencilla y jaladera metálica.</span></p>
<p>&nbsp;</p>
<p style="text-align: justify;"><span style="color: #000000;">Es una excelente opción que se adapta fácilmente a tus necesidades ya que se puede utilizar perfectamente como una mesa de oficina o para dividir dos ambientes.</span></p>
<p><span class="metafield-multi_line_text_field"><br />
<span style="color: #000000;"><strong>Dimensiones:</strong></span></span></p>
<p>&nbsp;</p>
<p><span class="metafield-multi_line_text_field" style="color: #000000;"><strong>Largo:</strong> 90 cm.<br />
<strong>Ancho</strong>: 52cm.<br />
<strong>Alto:</strong> 74 cm.</span></p>
<p>&nbsp;</p>
<p><span style="color: #000000;"><strong>Marca:</strong> Mobilek<strong><br />
Modelo:</strong> Resen<strong><br />
Color:</strong> Roble<strong><br />
Cve: </strong>SS 541</span></p>
