{"id":5088,"date":"2017-06-13T12:07:36","date_gmt":"2017-06-13T18:07:36","guid":{"rendered":"http:\/\/laesfera.com.mx\/page\/?page_id=5088"},"modified":"2020-10-14T11:46:27","modified_gmt":"2020-10-14T17:46:27","slug":"la-esfera-en-tu-hogar","status":"publish","type":"page","link":"https:\/\/laesfera.com.mx\/page\/la-esfera-en-tu-hogar\/","title":{"rendered":"La Esfera en tu hogar"},"content":{"rendered":"\n<p><\/p>\n\n\n<p><img loading=\"lazy\" decoding=\"async\" class=\"aligncenter size-full wp-image-13396\" src=\"https:\/\/laesfera.com.mx\/page\/wp-content\/uploads\/2020\/09\/hogar-600x499-1.jpg\" alt=\"\" width=\"598\" height=\"335\" srcset=\"https:\/\/laesfera.com.mx\/page\/wp-content\/uploads\/2020\/09\/hogar-600x499-1.jpg 598w, https:\/\/laesfera.com.mx\/page\/wp-content\/uploads\/2020\/09\/hogar-600x499-1-300x168.jpg 300w\" sizes=\"auto, (max-width: 598px) 100vw, 598px\" \/><\/p>\n<hr>\n<p style=\"text-align: center;\">El compromiso con nuestros clientes desde hace m\u00e1s de 95 a\u00f1os, nos ha llevado m\u00e1s all\u00e1 de ser una empresa dedicada a la papeler\u00eda. Ahora las cada vez m\u00e1s exigentes necesidades educativas nos llevan a maximizar nuestro servicio en tienda, con servicios como copiado, engargolado, enmicado, impresi\u00f3n a color; comprometi\u00e9ndonos con los est\u00e1ndares cada vez m\u00e1s altos de calidad en el servicio, ampliando nuestra variedad de productos para poder satisfacer la demanda de papeler\u00eda, arte, arquitectura, dise\u00f1o, ingenier\u00eda, consumibles de c\u00f3mputo, art\u00edculos escolares y mobiliario.<\/p>\n<p style=\"text-align: center;\"><\/p>","protected":false},"excerpt":{"rendered":"<p>El compromiso con nuestros clientes desde hace m\u00e1s de 95 a\u00f1os, nos ha llevado m\u00e1s all\u00e1 de ser una empresa dedicada a la papeler\u00eda. Ahora las cada vez m\u00e1s exigentes necesidades educativas nos llevan a maximizar nuestro servicio en tienda, con servicios como copiado, engargolado, enmicado, impresi\u00f3n a color; comprometi\u00e9ndonos con los est\u00e1ndares cada vez [&hellip;]<\/p>\n","protected":false},"author":1,"featured_media":0,"parent":0,"menu_order":2,"comment_status":"closed","ping_status":"closed","template":"","meta":{"_joinchat":[],"footnotes":""},"class_list":["post-5088","page","type-page","status-publish","hentry"],"post_mailing_queue_ids":[],"_links":{"self":[{"href":"https:\/\/laesfera.com.mx\/page\/wp-json\/wp\/v2\/pages\/5088","targetHints":{"allow":["GET"]}}],"collection":[{"href":"https:\/\/laesfera.com.mx\/page\/wp-json\/wp\/v2\/pages"}],"about":[{"href":"https:\/\/laesfera.com.mx\/page\/wp-json\/wp\/v2\/types\/page"}],"author":[{"embeddable":true,"href":"https:\/\/laesfera.com.mx\/page\/wp-json\/wp\/v2\/users\/1"}],"replies":[{"embeddable":true,"href":"https:\/\/laesfera.com.mx\/page\/wp-json\/wp\/v2\/comments?post=5088"}],"version-history":[{"count":18,"href":"https:\/\/laesfera.com.mx\/page\/wp-json\/wp\/v2\/pages\/5088\/revisions"}],"predecessor-version":[{"id":14788,"href":"https:\/\/laesfera.com.mx\/page\/wp-json\/wp\/v2\/pages\/5088\/revisions\/14788"}],"wp:attachment":[{"href":"https:\/\/laesfera.com.mx\/page\/wp-json\/wp\/v2\/media?parent=5088"}],"curies":[{"name":"wp","href":"https:\/\/api.w.org\/{rel}","templated":true}]}}