{"id":19341,"date":"2024-06-10T11:14:23","date_gmt":"2024-06-10T17:14:23","guid":{"rendered":"https:\/\/laesfera.com.mx\/page\/?page_id=19341"},"modified":"2024-06-13T18:22:45","modified_gmt":"2024-06-14T00:22:45","slug":"sillas-para-oficina-en-orizaba","status":"publish","type":"page","link":"https:\/\/laesfera.com.mx\/page\/sillas-para-oficina-en-orizaba\/","title":{"rendered":"Sillas para oficina en Orizaba"},"content":{"rendered":"\n<h3 class=\"wp-block-heading\">Muchos clientes llegan a nuestras tiendas en esta ciudad de Orizaba buscando una silla para su oficina o escritorio, pero me doy cuenta que su prioridad es el precio, despu\u00e9s el dise\u00f1o y color, pero no revisan las bondades del producto.<\/h3>\n\n\n\n<p>A trav\u00e9s de este articulo pretendo que ante la creciente demanda que existe hoy en nuestro pa\u00eds &nbsp;por tener una silla confortable para hacer tareas, trabajo en casa (home office), navegar en internet, un trabajo manual, un hobby o simplemente por el gusto de tener una silla como quien se compra un art\u00edculo de uso personal o familiar, usted tenga &nbsp;criterios para analizar y &nbsp;escoger la que se adapte a sus necesidades y bolsillo.<\/p>\n\n\n\n<p>Sin darse cuenta puede pasar m\u00e1s tiempo en una silla que en el colch\u00f3n.&nbsp; Hoy ve usted &nbsp;personas que tal vez &nbsp;trabajen sentados en una silla de oficina a una edad que antes era impensable porque se sienten vigorosos &nbsp;y trabajar les da una satisfacci\u00f3n, o simplemente no se han podido o no han querido retirar de la vida laboral.<\/p>\n\n\n\n<p>Creo que ya se est\u00e1 dando cuenta lo importante que es tener una silla c\u00f3moda, que se ajuste a sus &nbsp;necesidades y que debe contribuir a cuidar la espalda. <\/p>\n\n\n\n<p>Entonces ahora se&nbsp; puede hacer &nbsp;la siguiente pregunta: C\u00f3mo elegir la silla para mi oficina?<\/p>\n\n\n\n<p>Aspectos que debe considerar para escoger su silla:<\/p>\n\n\n\n<ul class=\"wp-block-list\">\n<li>Quiero una silla que este tapizada en&nbsp; malla o en tela,&nbsp; en el asiento y\/o en el respaldo?<\/li>\n\n\n\n<li>Quiero que tenga brazos? Y &nbsp;Que sean ajustables?<\/li>\n\n\n\n<li>Qu\u00e9 tipo de mecanismo: de bloqueo , synchron o de 3 palancas?<\/li>\n\n\n\n<li>Quiero que tenga acabados cromados o alg\u00fan color en especial?<\/li>\n\n\n\n<li>Qu\u00e9 colores de silla hay actualmente disponibles?<\/li>\n\n\n\n<li>Tengo alg\u00fan problema de espalda?<\/li>\n<\/ul>\n\n\n\n<p>Para un uso eficiente y \u00fatil, una silla&nbsp; debe ser en la medida de lo posible: movible, ajustable, que nos permita adoptar una postura recta pero no r\u00edgida, apoyar los pies&nbsp; y tener los hombros relajados. La espalda debe apoyarse completamente al respaldo para que la tensi\u00f3n se descargue de forma homog\u00e9nea.<\/p>\n\n\n\n<p>Cuide si va a usar una computadora de escritorio o laptop, que la pantalla este delante de usted&nbsp; a la altura de los ojos para evitar que el cuello gire para verla.<\/p>\n\n\n\n<p>Es muy importante hacer una rutina &nbsp;de 30 minutos de trabajo por 5 o 10 minutos descanso, par\u00e1ndose de la silla y dar unos pasos dando relajamiento a la espalda. En otra oportunidad les hablar\u00e9 de una costumbre ahora&nbsp; usada en Europa y Estados Unidos de mesas de trabajo&nbsp; con altura variable.<\/p>\n\n\n\n<p>Finalmente, no olvide una &nbsp;debida iluminaci\u00f3n del \u00e1rea y la circulaci\u00f3n de aire.<\/p>\n\n\n\n<p>Ahora veremos la tendencia actual de sillones muy accesibles en precio y que, dependiendo las horas de uso, ser\u00e1n una buena ayuda para el trabajo.<\/p>\n\n\n\n<h4 class=\"wp-block-heading\">SILLA MOD. ECOCHAIR<\/h4>\n\n\n\n<p>Este dise\u00f1o de silla hoy es m\u00e1s buscado que la tradicional secretarial con la ventaja de que tiene descansabrazos, respaldo tapizado en malla con un sencillo soporte lumbar y un mecanismo de reclinaci\u00f3n a un excelente precio, que muchas sillas de las llamadas secretariales no lo tienen.<\/p>\n\n\n\n<figure class=\"wp-block-image size-full is-resized\"><img loading=\"lazy\" decoding=\"async\" src=\"https:\/\/laesfera.com.mx\/page\/wp-content\/uploads\/2024\/06\/Sila-mod-ecochair.png\" alt=\"\" class=\"wp-image-19343\" width=\"200\" height=\"298\" srcset=\"https:\/\/laesfera.com.mx\/page\/wp-content\/uploads\/2024\/06\/Sila-mod-ecochair.png 272w, https:\/\/laesfera.com.mx\/page\/wp-content\/uploads\/2024\/06\/Sila-mod-ecochair-202x300.png 202w, https:\/\/laesfera.com.mx\/page\/wp-content\/uploads\/2024\/06\/Sila-mod-ecochair-40x60.png 40w, https:\/\/laesfera.com.mx\/page\/wp-content\/uploads\/2024\/06\/Sila-mod-ecochair-61x90.png 61w\" sizes=\"auto, (max-width: 200px) 100vw, 200px\" \/><\/figure>\n\n\n\n<h4 class=\"wp-block-heading\">SILLA MOD. 2006<\/h4>\n\n\n\n<p>Este otro con un respaldo m\u00e1s alto&nbsp; que ayuda a dar&nbsp; soporte a la cabeza, con m\u00e1s resistencia en el soporte lumbar y mejor dise\u00f1o con acabados cromados.<\/p>\n\n\n\n<figure class=\"wp-block-image size-full is-resized\"><img loading=\"lazy\" decoding=\"async\" src=\"https:\/\/laesfera.com.mx\/page\/wp-content\/uploads\/2024\/06\/Silla-mod-2006-1.png\" alt=\"\" class=\"wp-image-19345\" width=\"225\" height=\"329\" srcset=\"https:\/\/laesfera.com.mx\/page\/wp-content\/uploads\/2024\/06\/Silla-mod-2006-1.png 312w, https:\/\/laesfera.com.mx\/page\/wp-content\/uploads\/2024\/06\/Silla-mod-2006-1-205x300.png 205w, https:\/\/laesfera.com.mx\/page\/wp-content\/uploads\/2024\/06\/Silla-mod-2006-1-41x60.png 41w, https:\/\/laesfera.com.mx\/page\/wp-content\/uploads\/2024\/06\/Silla-mod-2006-1-62x90.png 62w\" sizes=\"auto, (max-width: 225px) 100vw, 225px\" \/><\/figure>\n\n\n\n<h4 class=\"wp-block-heading\">SILLA MOD. BILBAO<\/h4>\n\n\n\n<p>Un modelo m\u00e1s c\u00f3modo, con mejor y m\u00e1s resistente malla en el respaldo y componentes de mejor calidad que alarga la vida de la silla, y descansabrazos ajustables.<\/p>\n\n\n\n<figure class=\"wp-block-image size-full is-resized\"><img loading=\"lazy\" decoding=\"async\" src=\"https:\/\/laesfera.com.mx\/page\/wp-content\/uploads\/2024\/06\/Silla-mod-bilbao.png\" alt=\"\" class=\"wp-image-19346\" width=\"187\" height=\"303\" srcset=\"https:\/\/laesfera.com.mx\/page\/wp-content\/uploads\/2024\/06\/Silla-mod-bilbao.png 232w, https:\/\/laesfera.com.mx\/page\/wp-content\/uploads\/2024\/06\/Silla-mod-bilbao-186x300.png 186w, https:\/\/laesfera.com.mx\/page\/wp-content\/uploads\/2024\/06\/Silla-mod-bilbao-37x60.png 37w, https:\/\/laesfera.com.mx\/page\/wp-content\/uploads\/2024\/06\/Silla-mod-bilbao-56x90.png 56w\" sizes=\"auto, (max-width: 187px) 100vw, 187px\" \/><\/figure>\n\n\n\n<h4 class=\"wp-block-heading\">SILLA MOD. KB-2<\/h4>\n\n\n\n<p>Esta con componentes tambi\u00e9n de mejor calidad, una tela m\u00e1s fresca en el asiento y con el novedoso mecanismo synchron que ayuda a lograr una mejor postura&nbsp; para cuidar &nbsp;nuestra espalda.<\/p>\n\n\n\n<figure class=\"wp-block-image size-full is-resized\"><img loading=\"lazy\" decoding=\"async\" src=\"https:\/\/laesfera.com.mx\/page\/wp-content\/uploads\/2024\/06\/Silla-mod-kb-2.png\" alt=\"\" class=\"wp-image-19347\" width=\"240\" height=\"302\" srcset=\"https:\/\/laesfera.com.mx\/page\/wp-content\/uploads\/2024\/06\/Silla-mod-kb-2.png 417w, https:\/\/laesfera.com.mx\/page\/wp-content\/uploads\/2024\/06\/Silla-mod-kb-2-239x300.png 239w, https:\/\/laesfera.com.mx\/page\/wp-content\/uploads\/2024\/06\/Silla-mod-kb-2-48x60.png 48w, https:\/\/laesfera.com.mx\/page\/wp-content\/uploads\/2024\/06\/Silla-mod-kb-2-72x90.png 72w\" sizes=\"auto, (max-width: 240px) 100vw, 240px\" \/><\/figure>\n\n\n\n<p>Espero esta informaci\u00f3n le ayude\u00a0 a tomar una mejor decisi\u00f3n la pr\u00f3xima vez que tenga la necesidad de comprar una silla para su casa, oficina o trabajo. Y sepa que en <strong>La Esfera,<\/strong> lo esperamos para asesorarlo en la elecci\u00f3n de la que ser\u00e1 su herramienta de trabajo, al mejor precio. No dude en contactarnos en nuestras redes sociales o al\u00a0 whatsapp <strong>2727233722<\/strong> para proporcionarle atenci\u00f3n personalizada.<\/p>\n\n\n\n<pre class=\"wp-block-code\"><code><\/code><\/pre>\n\n\n\n<div class=\"wp-block-buttons is-content-justification-center is-layout-flex wp-container-core-buttons-is-layout-16018d1d wp-block-buttons-is-layout-flex\">\n<div class=\"wp-block-button\"><a class=\"wp-block-button__link wp-element-button\" href=\"https:\/\/laesfera.com.mx\/page\/wp-content\/uploads\/2024\/06\/Sillas-para-oficina-en-Orizaba.pdf\" target=\"_blank\" rel=\"noreferrer noopener\">Descargar PDF<\/a><\/div>\n<\/div>\n","protected":false},"excerpt":{"rendered":"<p>Muchos clientes llegan a nuestras tiendas en esta ciudad de Orizaba buscando una silla para su oficina o escritorio, pero me doy cuenta que su prioridad es el precio, despu\u00e9s el dise\u00f1o y color, pero no revisan las bondades del producto. A trav\u00e9s de este articulo pretendo que ante la creciente demanda que existe hoy [&hellip;]<\/p>\n","protected":false},"author":1,"featured_media":0,"parent":0,"menu_order":0,"comment_status":"closed","ping_status":"closed","template":"","meta":{"_joinchat":[],"footnotes":""},"class_list":["post-19341","page","type-page","status-publish","hentry"],"post_mailing_queue_ids":[],"_links":{"self":[{"href":"https:\/\/laesfera.com.mx\/page\/wp-json\/wp\/v2\/pages\/19341","targetHints":{"allow":["GET"]}}],"collection":[{"href":"https:\/\/laesfera.com.mx\/page\/wp-json\/wp\/v2\/pages"}],"about":[{"href":"https:\/\/laesfera.com.mx\/page\/wp-json\/wp\/v2\/types\/page"}],"author":[{"embeddable":true,"href":"https:\/\/laesfera.com.mx\/page\/wp-json\/wp\/v2\/users\/1"}],"replies":[{"embeddable":true,"href":"https:\/\/laesfera.com.mx\/page\/wp-json\/wp\/v2\/comments?post=19341"}],"version-history":[{"count":10,"href":"https:\/\/laesfera.com.mx\/page\/wp-json\/wp\/v2\/pages\/19341\/revisions"}],"predecessor-version":[{"id":19364,"href":"https:\/\/laesfera.com.mx\/page\/wp-json\/wp\/v2\/pages\/19341\/revisions\/19364"}],"wp:attachment":[{"href":"https:\/\/laesfera.com.mx\/page\/wp-json\/wp\/v2\/media?parent=19341"}],"curies":[{"name":"wp","href":"https:\/\/api.w.org\/{rel}","templated":true}]}}